s 3 (base 12) in base 15?
3
What is 2213 (base 4) in base 15?
b2
4 (base 16) to base 8
4
What is 2 (base 12) in base 16?
2
-4 (base 13) to base 8
-4
What is -4 (base 16) in base 12?
-4
12 (base 6) to base 12
8
Convert 8 (base 16) to base 13.
8
54 (base 7) to base 9
43
What is -2212 (base 3) in base 9?
-85
4 (base 16) to base 14
4
Convert 3 (base 10) to base 4.
3
What is a1 (base 12) in base 15?
81
-5 (base 10) to base 6
-5
-4 (base 11) to base 12
-4
Convert -2 (base 4) to base 10.
-2
0 (base 7) to base 8
0
Convert 5 (base 13) to base 12.
5
3 (base 4) to base 8
3
What is 181 (base 11) in base 4?
3102
What is 23 (base 6) in base 15?
10
-130 (base 4) to base 13
-22
What is -ab (base 16) in base 12?
-123
What is -a (base 14) in base 13?
-a
Convert 3 (base 7) to base 5.
3
-1 (base 11) to base 15
-1
What is 28 (base 13) in base 6?
54
-41 (base 6) to base 7
-34
Convert -24 (base 9) to base 12.
-1a
What is 54 (base 7) in base 6?
103
What is 79 (base 16) in base 3?
11111
What is 106 (base 7) in base 8?
67
-68 (base 9) to base 7
-116
-10 (base 7) to base 9
-7
-1 (base 2) to base 5
-1
-3 (base 16) to base 13
-3
-3 (base 15) to base 14
-3
What is -155 (base 8) in base 5?
-414
Convert 1002 (base 5) to base 11.
106
133 (base 4) to base 9
34
What is b (base 12) in base 15?
b
What is -5 (base 6) in base 3?
-12
2 (base 6) to base 7
2
What is 10 (base 5) in base 4?
11
Convert 1a (base 11) to base 9.
23
a2 (base 11) to base 2
1110000
What is -1 (base 5) in base 15?
-1
Convert -4 (base 8) to base 7.
-4
Convert -40 (base 7) to base 3.
-1001
Convert -25 (base 8) to base 5.
-41
Convert 16 (base 15) to base 2.
10101
Convert -2 (base 3) to base 12.
-2
-21 (base 7) to base 8
-17
Convert 1 (base 16) to base 13.
1
Convert 23 (base 13) to base 10.
29
-102 (base 5) to base 16
-1b
What is -10 (base 16) in base 10?
-16
4 (base 14) to base 6
4
What is -4 (base 8) in base 14?
-4
-134 (base 8) to base 11
-84
Convert -2 (base 5) to base 3.
-2
What is -2 (base 16) in base 11?
-2
What is -4 (base 7) in base 4?
-10
21 (base 10) to base 5
41
-111010 (base 2) to base 8
-72
6 (base 10) to base 5
11
52 (base 6) to base 7
44
What is 1001 (base 3) in base 10?
28
-1 (base 16) to base 10
-1
What is 2 (base 7) in base 14?
2
Convert 413 (base 5) to base 4.
1230
Convert -16 (base 7) to base 13.
-10
-268 (base 12) to base 10
-368
What is d (base 14) in base 13?
10
-1b (base 12) to base 14
-19
Convert 2a (base 14) to base 3.
1102
11000 (base 2) to base 6
40
-10 (base 6) to base 7
-6
2 (base 5) to base 12
2
What is -3 (base 7) in base 3?
-10
-2 (base 10) to base 11
-2
27 (base 14) to base 9
38
Convert -3 (base 5) to base 10.
-3
What is -b9 (base 12) in base 4?
-2031
6 (base 9) to base 3
20
Convert 2 (base 8) to base 7.
2
What is 2c (base 13) in base 8?
46
-20011 (base 3) to base 7
-325
Convert -23 (base 6) to base 2.
-1111
Convert -11 (base 5) to base 2.
-110
What is 113 (base 8) in base 15?
50
-3 (base 4) to base 14
-3
Convert -1d4 (base 14) to base 5.
-3012
-4 (base 7) to base 11
-4
Convert 0 (base 9) to base 11.
0
-1 (base 10) to base 16
-1
What is 20 (base 9) in base 8?
22
What is -20 (base 5) in base 14?
-a
Convert -20 (base 3) to base 6.
-10
-3 (base 12) to base 7
-3
Convert 21 (base 10) to base 6.
33
Convert 1001 (base 3) to base 5.
103
20 (base 4) to base 13
8
-3 (base 6) to base 16
-3
-217 (base 13) to base 10
-358
2 (base 5) to base 6
2
Convert 100 (base 2) to base 3.
11
Convert -4 (base 14) to base 10.
-4
What is -1101 (base 2) in base 6?
-21
What is -7 (base 9) in base 2?
-111
-39 (base 12) to base 2
-101101
What is 3a (base 13) in base 6?
121
What is 121 (base 3) in base 4?
100
-1b (base 13) to base 16
-18
Convert 35 (base 9) to base 14.
24
a (base 11) to base 9
11
Convert -44 (base 6) to base 4.
-130
Convert -60 (base 9) to base 16.
-36
1 (base 7) to base 11
1
What is 102101 (base 3) in base 13?
1a8
What is -131 (base 4) in base 2?
-11101
Convert 8a (base 13) to base 15.
79
29 (base 10) to base 2
11101
-25 (base 8) to base 5
-41
301 (base 4) to base 3
1211
What is 2 (base 6) in base 7?
2
Convert 175 (base 8) to base 9.
148
Convert 172 (base 9) to base 16.
92
3 (base 10) to base 8
3
What is 3 (base 8) in base 9?
3
2303 (base 5) to base 6
1304
What is -13 (base 8) in base 5?
-21
Convert -25 (base 8) to base 13.
-18
Convert 33 (base 7) to base 8.
30
What is 110 (base 2) in base 15?
6
Convert 44 (base 5) to base 10.
24
Convert -a7 (base 14) to base 6.
-403
109 (base 11) to base 5
1010
What is -240 (base 5) in base 10?
-70
Convert 3 (base 16) to base 5.
3
Convert 2 (base 12) to base 11.
2
What is -3 (base 16) in base 7?
-3
Convert -10 (base 3) to base 9.
-3
What is 15 (base 13) in base 2?
10010
0 (base 12) to base 4
0
-14 (base 11) to base 5
-30
What is 125 (base 14) in base 7?
445
What is -222 (base 11) in base 15?
-12b
What is -20 (base 7) in base 6?
-22
What is -43 (base 13) in base 6?
-131
What is 5 (base 15) in base 6?
5
What is 107 (base 9) in base 15?
5d
-4 (base 7) to base 13
-4
-1001011 (base 2) to base 11
-69
Convert -210 (base 12) to base 7.
-606
Convert -32 (base 7) to base 15.
-18
What is -69 (base 11) in base 14?
-55
-51 (base 9) to base 7
-64
Convert -111 (base 3) to base 2.
-1101
Convert -7 (base 8) to base 15.
-7
-4 (base 5) to base 8
-4
5c (base 16) to base 5
332
-43 (base 16) to base 13
-52
What is -4 (base 12) in base 8?
-4
Convert 36 (base 13) to base 2.
101101
What is -40 (base 8) in base 14?
-24
What is 111 (base 5) in base 6?
51
4 (base 7) to base 14
4
-112 (base 4) to base 7
-31
What is 11120 (base 3) in base 8?
173
What is -32 (base 6) in base 4?
-110
What is 53 (base 11) in base 14?
42
-1 (base 8) to base 14
-1
22 (base 3) to base 11
8
What is -201 (base 4) in base 16?
-21
What is 4 (base 5) in base 9?
4
What is 127 (base 10) in base 16?
7f
Convert -1 (base 3) to base 14.
-1
-54 (base 9) to base 4
-301
Convert -1 (base 15) to base 5.
-1
14 (base 10) to base 5
24
Convert -2 (base 6) to base 2.
-10
Convert -4 (base 11) to base 5.
-4
Convert 16 (base 15) to base 7.
30
What is -202 (base 4) in base 13?
-28
3 (base 12) to base 16
3
-173 (base 11) to base 9
-243
-1 (base 4) to base 9
-1
-435 (base 6) to base 10
-167
What is -30 (base 6) in base 10?
-18
Convert -1134 (base 5) to base 7.
-331
What is -1200 (base 3) in base 14?
-33
-105 (base 6) to base 15
-2b
10 (base 2) to base 16
2
What is -59 (base 16) in base 15?
-5e
11 (base 2) to base 7
3
What is -210 (base 14) in base 3?
-120001
24 (base 5) to base 4
32
Convert 0 (base 2) to base 16.
0
Convert 5b (base 12) to base 14.
51
What is 7 (base 16) in base 8?
7
Convert 9 (base 15) to base 2.
1001
-254 (base 7) to base 10
-137
Convert 5 (base 9) to base 8.
5
Convert 5 (base 9) to base 15.
5
-21 (base 10) to base 14
-17
Convert -23 (base 11) to base 13.
-1c
Convert 3 (base 4) to base 7.
3
Convert -9a (base 14) to base 9.
-161
-10000 (base 3) to base 5
-311
What is -1 (base 7) in base 10?
-1
Convert 2 (base 6) to base 10.
2
-171 (base 9) to base 13
-b2
Convert 26 (base 7) to base 8.
24
Convert 2 (base 10) to base 6.
2
Convert 32 (base 4) to base 3.
112
12 (base 7) to base 11
9
What is -31 (base 11) in base 9?
-37
Convert 1010 (base 3) to base 16.
1e
-100 (base 15) to base 9
-270
What is 41 (base 8) in base 3?
1020
0 (base 9) to base 14
0
Convert 1 (base 9) to base 12.
1
Convert 37 (base 9) to base 15.
24
What is -1204 (base 6) in base 16?
-124
What is 98 (base 15) in base 16?
8f
What is -101 (base 14) in base 8?
-305
What is 1 (base 14) in base 15?
1
What is -131 (base 4) in base 10?
-29
What is -4 (base 13) in base 6?
-4
Convert 0 (base 6) to base 12.
0
57 (base 10) to base 8
71
12 (base 14) to base 13
13
-214 (base 10) to base 15
-e4
4 (base 11) to base 9
4
Convert -463 (base 7) to base 15.
-111
What is 28 (base 10) in base 6?
44
Convert 8 (base 16) to base 13.
8
What is -1 (base 3) in base 6?
-1
Convert 3 (base 10) to base 6.
3
Convert 110 (base 2) to base 13.
6
Convert 1 (base 8) to base 11.
1
Convert 433 (base 5) to base 11.
a8
What is -84 (base 14) in base 3?
-11022
153 (base 7) to base 6
223
Convert -3 (base 10) to base 14.
-3
Convert 6d (base 15) to base 5.
403
Convert 0 (base 12) to base 3.
0
21 (base 8) to base 14
13
What is -99 (base 12) in base 2?
-1110101
What is 111 (base 4) in base 16?
15
Convert -24 (